{"id":139,"date":"2024-07-30T10:08:53","date_gmt":"2024-07-30T13:08:53","guid":{"rendered":"http:\/\/projur.confitec.com.br\/?page_id=139"},"modified":"2025-02-26T14:35:49","modified_gmt":"2025-02-26T17:35:49","slug":"modulos","status":"publish","type":"page","link":"https:\/\/projur.confitec.com.br\/?page_id=139","title":{"rendered":"M\u00f3dulos"},"content":{"rendered":"\n<figure class=\"wp-block-image alignfull size-full uag-hide-mob\"><img loading=\"lazy\" decoding=\"async\" width=\"1993\" height=\"793\" src=\"https:\/\/projur.confitec.com.br\/wp-content\/uploads\/2024\/08\/2151202476-e1723731977947.jpg\" alt=\"\" class=\"wp-image-557\" srcset=\"https:\/\/projur.confitec.com.br\/wp-content\/uploads\/2024\/08\/2151202476-e1723731977947.jpg 1993w, https:\/\/projur.confitec.com.br\/wp-content\/uploads\/2024\/08\/2151202476-e1723731977947-300x119.jpg 300w, https:\/\/projur.confitec.com.br\/wp-content\/uploads\/2024\/08\/2151202476-e1723731977947-1024x407.jpg 1024w, https:\/\/projur.confitec.com.br\/wp-content\/uploads\/2024\/08\/2151202476-e1723731977947-768x306.jpg 768w, https:\/\/projur.confitec.com.br\/wp-content\/uploads\/2024\/08\/2151202476-e1723731977947-1536x611.jpg 1536w\" sizes=\"auto, (max-width: 1993px) 100vw, 1993px\" \/><\/figure>\n\n\n\n<figure class=\"wp-block-image alignfull size-full uag-hide-desktop uag-hide-tab\"><img loading=\"lazy\" decoding=\"async\" width=\"1340\" height=\"1120\" src=\"https:\/\/projur.confitec.com.br\/wp-content\/uploads\/2024\/08\/2151202476-1-e1723732045233.jpg\" alt=\"\" class=\"wp-image-559\" srcset=\"https:\/\/projur.confitec.com.br\/wp-content\/uploads\/2024\/08\/2151202476-1-e1723732045233.jpg 1340w, https:\/\/projur.confitec.com.br\/wp-content\/uploads\/2024\/08\/2151202476-1-e1723732045233-300x251.jpg 300w, https:\/\/projur.confitec.com.br\/wp-content\/uploads\/2024\/08\/2151202476-1-e1723732045233-1024x856.jpg 1024w, https:\/\/projur.confitec.com.br\/wp-content\/uploads\/2024\/08\/2151202476-1-e1723732045233-768x642.jpg 768w\" sizes=\"auto, (max-width: 1340px) 100vw, 1340px\" \/><\/figure>\n\n\n\n<h3 class=\"wp-block-heading\"><br><br><mark style=\"background-color:rgba(0, 0, 0, 0);color:#ff7f00\" class=\"has-inline-color\">O PROJUR possui dois m\u00f3dulos principais:<\/mark><\/h3>\n\n\n\n<ul class=\"wp-block-list has-luminous-vivid-orange-color has-text-color has-link-color wp-elements-885abb55c74816bc0e04ff942f00b3d9\">\n<li><mark style=\"background-color:rgba(0, 0, 0, 0);color:#ff7f00\" class=\"has-inline-color\"><strong>Contencioso<\/strong><br><\/mark><br><mark style=\"background-color:rgba(0, 0, 0, 0);color:#5f5f5f\" class=\"has-inline-color\">O M\u00f3dulo Contencioso permite a cria\u00e7\u00e3o e gest\u00e3o de demandas de a\u00e7\u00f5es judiciais (Civil, Trabalhista, Criminal, Institucional, Tribut\u00e1ria e Demandas administrativas), com um fluxo completo das demandas, desde a abertura at\u00e9 o encerramento. Inclui formul\u00e1rios para avalia\u00e7\u00e3o de risco, propostas de acordo, recursos, entre outros, com processos de aprova\u00e7\u00e3o e implementa\u00e7\u00e3o de al\u00e7adas. O direcionamento manual e autom\u00e1tico para advogados e escrit\u00f3rios, o c\u00e1lculo de provis\u00f5es, dep\u00f3sitos judiciais, honor\u00e1rios, juros e corre\u00e7\u00e3o monet\u00e1ria, e as APIs para integra\u00e7\u00e3o com os sistemas da seguradora, o SAP e o GEPRO s\u00e3o algumas das funcionalidades que garantem efici\u00eancia e precis\u00e3o no gerenciamento dos processos judiciais.<\/mark><\/li>\n\n\n\n<li style=\"margin-top:var(--wp--preset--spacing--60);margin-bottom:var(--wp--preset--spacing--60)\"><mark style=\"background-color:rgba(0, 0, 0, 0);color:#ff7f00\" class=\"has-inline-color\"><strong>Consultivo<\/strong><br><\/mark><br><mark style=\"background-color:rgba(0, 0, 0, 0);color:#5f5f5f\" class=\"has-inline-color\">J\u00e1 o M\u00f3dulo Consultivo oferece o gerenciamento de prazos com alertas de atividades, documenta\u00e7\u00e3o organizada em pastas digitais, cria\u00e7\u00e3o de demandas de consultas jur\u00eddicas (Sinistro, Contratos, Condi\u00e7\u00f5es gerais, Material publicit\u00e1rio, Legisla\u00e7\u00e3o e Documentos de seguro) e gest\u00e3o dos processos atrav\u00e9s de dashboards diversos.<\/mark><\/li>\n<\/ul>\n\n\n\n<figure class=\"wp-block-image aligncenter size-full\"><img loading=\"lazy\" decoding=\"async\" width=\"960\" height=\"565\" src=\"http:\/\/projur.confitec.com.br\/wp-content\/uploads\/2024\/07\/image-13.png\" alt=\"\" class=\"wp-image-148\" srcset=\"https:\/\/projur.confitec.com.br\/wp-content\/uploads\/2024\/07\/image-13.png 960w, https:\/\/projur.confitec.com.br\/wp-content\/uploads\/2024\/07\/image-13-300x177.png 300w, https:\/\/projur.confitec.com.br\/wp-content\/uploads\/2024\/07\/image-13-768x452.png 768w\" sizes=\"auto, (max-width: 960px) 100vw, 960px\" \/><\/figure>\n\n\n\n<h3 class=\"wp-block-heading\"><br><br><mark style=\"background-color:rgba(0, 0, 0, 0);color:#ff7f00\" class=\"has-inline-color\">Os benef\u00edcios do PROJUR s\u00e3o numerosos. \u2028\u2028<\/mark><\/h3>\n\n\n\n<p><mark style=\"background-color:rgba(0, 0, 0, 0);color:#5f5f5f\" class=\"has-inline-color\">Ele garante a integridade das informa\u00e7\u00f5es financeiras e cont\u00e1beis, essenciais para o atendimento \u00e0s demandas da SUSEP, reduz o tempo de tramita\u00e7\u00e3o interna dos processos judiciais e corporativos, se conecta com tribunais para a coleta automatizada de novas pastas e suas movimenta\u00e7\u00f5es, padroniza atividades atrav\u00e9s de mecanismos de workflow para controle de prazos e atividades, e proporciona confiabilidade e seguran\u00e7a no atendimento a demandas legais e auditorias. Al\u00e9m disso, oferece uma gest\u00e3o eficiente com dashboards e relat\u00f3rios que facilitam a administra\u00e7\u00e3o dos processos.<br><\/mark><br><br><br><\/p>\n\n\n\n<p><\/p>\n","protected":false},"excerpt":{"rendered":"<p>O PROJUR possui dois m\u00f3dulos principais: Os benef\u00edcios do PROJUR s\u00e3o numerosos. \u2028\u2028 Ele garante a integridade das informa\u00e7\u00f5es financeiras [&hellip;]<\/p>\n","protected":false},"author":1,"featured_media":0,"parent":0,"menu_order":0,"comment_status":"closed","ping_status":"closed","template":"","meta":{"_uag_custom_page_level_css":"","site-sidebar-layout":"default","site-content-layout":"","ast-site-content-layout":"","site-content-style":"default","site-sidebar-style":"default","ast-global-header-display":"","ast-banner-title-visibility":"","ast-main-header-display":"","ast-hfb-above-header-display":"","ast-hfb-below-header-display":"","ast-hfb-mobile-header-display":"","site-post-title":"disabled","ast-breadcrumbs-content":"","ast-featured-img":"","footer-sml-layout":"","theme-transparent-header-meta":"","adv-header-id-meta":"","stick-header-meta":"","header-above-stick-meta":"","header-main-stick-meta":"","header-below-stick-meta":"","astra-migrate-meta-layouts":"default","ast-page-background-enabled":"default","ast-page-background-meta":{"desktop":{"background-color":"var(--ast-global-color-4)","background-image":"","background-repeat":"repeat","background-position":"center center","background-size":"auto","background-attachment":"scroll","background-type":"","background-media":"","overlay-type":"","overlay-color":"","overlay-opacity":"","overlay-gradient":""},"tablet":{"background-color":"","background-image":"","background-repeat":"repeat","background-position":"center center","background-size":"auto","background-attachment":"scroll","background-type":"","background-media":"","overlay-type":"","overlay-color":"","overlay-opacity":"","overlay-gradient":""},"mobile":{"background-color":"","background-image":"","background-repeat":"repeat","background-position":"center center","background-size":"auto","background-attachment":"scroll","background-type":"","background-media":"","overlay-type":"","overlay-color":"","overlay-opacity":"","overlay-gradient":""}},"ast-content-background-meta":{"desktop":{"background-color":"var(--ast-global-color-5)","background-image":"","background-repeat":"repeat","background-position":"center center","background-size":"auto","background-attachment":"scroll","background-type":"","background-media":"","overlay-type":"","overlay-color":"","overlay-opacity":"","overlay-gradient":""},"tablet":{"background-color":"var(--ast-global-color-5)","background-image":"","background-repeat":"repeat","background-position":"center center","background-size":"auto","background-attachment":"scroll","background-type":"","background-media":"","overlay-type":"","overlay-color":"","overlay-opacity":"","overlay-gradient":""},"mobile":{"background-color":"var(--ast-global-color-5)","background-image":"","background-repeat":"repeat","background-position":"center center","background-size":"auto","background-attachment":"scroll","background-type":"","background-media":"","overlay-type":"","overlay-color":"","overlay-opacity":"","overlay-gradient":""}},"footnotes":""},"class_list":["post-139","page","type-page","status-publish","hentry"],"uagb_featured_image_src":{"full":false,"thumbnail":false,"medium":false,"medium_large":false,"large":false,"1536x1536":false,"2048x2048":false},"uagb_author_info":{"display_name":"projur-confitec","author_link":"https:\/\/projur.confitec.com.br\/?author=1"},"uagb_comment_info":0,"uagb_excerpt":"O PROJUR possui dois m\u00f3dulos principais: Os benef\u00edcios do PROJUR s\u00e3o numerosos. \u2028\u2028 Ele garante a integridade das informa\u00e7\u00f5es financeiras [&hellip;]","_links":{"self":[{"href":"https:\/\/projur.confitec.com.br\/index.php?rest_route=\/wp\/v2\/pages\/139","targetHints":{"allow":["GET"]}}],"collection":[{"href":"https:\/\/projur.confitec.com.br\/index.php?rest_route=\/wp\/v2\/pages"}],"about":[{"href":"https:\/\/projur.confitec.com.br\/index.php?rest_route=\/wp\/v2\/types\/page"}],"author":[{"embeddable":true,"href":"https:\/\/projur.confitec.com.br\/index.php?rest_route=\/wp\/v2\/users\/1"}],"replies":[{"embeddable":true,"href":"https:\/\/projur.confitec.com.br\/index.php?rest_route=%2Fwp%2Fv2%2Fcomments&post=139"}],"version-history":[{"count":43,"href":"https:\/\/projur.confitec.com.br\/index.php?rest_route=\/wp\/v2\/pages\/139\/revisions"}],"predecessor-version":[{"id":693,"href":"https:\/\/projur.confitec.com.br\/index.php?rest_route=\/wp\/v2\/pages\/139\/revisions\/693"}],"wp:attachment":[{"href":"https:\/\/projur.confitec.com.br\/index.php?rest_route=%2Fwp%2Fv2%2Fmedia&parent=139"}],"curies":[{"name":"wp","href":"https:\/\/api.w.org\/{rel}","templated":true}]}}